 -249. What is the greatest common divisor of s and 75?
15
Suppose 4*g - 4*c = 397 + 63, 4*g - 5*c - 463 = 0. Suppose 5*i + 1482*k - 695 = 1477*k, 2*i - 275 = -5*k. Calculate the highest common divisor of i and g.
28
Suppose 3*j - 5*n - 66 = -2*n, -4*j + 3*n + 93 = 0. What is the highest common divisor of 1359 and j?
9
Let i = -3422 + 3611. What is the greatest common divisor of i and 6174?
63
Let c = 203 - -327. Let a be ((-8)/22)/(752/(-20680)). What is the highest common factor of c and a?
10
Let k = 2110 - 1196. Suppose 3*d = -h + 550, 5*d - 7*h + 8*h - k = 0. Calculate the greatest common factor of d and 273.
91
Let x(w) = 439*w - 1139. Let i be x(6). Calculate the highest common factor of i and 26.
13
Let z be 32*1*6 - 216/(-36). Calculate the highest common divisor of z and 144.
18
Suppose 2*n = -4*z + 58, 17 = 5*n - 3*z - 37. What is the highest common factor of 60 and n?
15
Suppose -55 = -3*l + 2*g + 37, l = -g + 34. Let m = -2627 + 2635. Calculate the greatest common divisor of l and m.
8
Let r = 1 - 1. Let s(u) = -u**2 - u + 26. Let b be s(r). Let j = -24584 + 24675. What is the greatest common factor of j and b?
13
Let z be (-1*5/(-15))/(1/6). Suppose -n - z*n + 29 = 2*r, r + 17 = 3*n. Let a be (5 - (n + -4))/(4/46). Calculate the greatest common factor of a and 46.
23
Suppose 54*c - 58*c + 5*r = -1041, -3*c - 3*r + 801 = 0. What is the greatest common divisor of c and 24?
24
Suppose 27*r = 5109 + 2451. Suppose -r = -28*v + 18*v. Calculate the highest common divisor of 518 and v.
14
Suppose -46*n + 48*n - 148 = -5*b, 2*n - 8 = 0. Suppose 2*h - 3*h + 392 = 0. What is the highest common divisor of b and h?
28
Suppose -3*y + 2 = -1. Suppose -15*d = -14*d - y. Let s(t) = 8*t**2 - 2*t + 3. Let p be s(d). What is the highest common divisor of p and 3?
3
Let h = 1306 + -1189. What is the greatest common factor of h and 8541?
117
Suppose -2*i + 2 = -0*i, -5*l + 5*i + 490 = 0. Suppose -z = -9 - 35. Calculate the greatest common factor of z and l.
11
Let f be ((-1235)/(-4))/5 + (14 - (-330)/(-24)). What is the highest common factor of 12 and f?
2
Suppose -48465 + 5933 = -62*v. What is the highest common factor of v and 196?
98
Let y(l) = -140*l - 4974. Let a be y(-37). What is the greatest common factor of a and 1957?
103
Let k(j) = -4*j - 130. Let h be k(-38). Let v be (-135)/(-5) - (-5 + 10). Calculate the highest common factor of h and v.
22
Let f(m) = -m**3 + 23*m**2 - 6*m - 336. Let a be f(22). Calculate the greatest common divisor of a and 14.
2
Suppose 310*l - 301*l - 792 = 0. What is the highest common divisor of 946 and l?
22
Let a(j) = j**3 - 22*j**2 + 332*j - 6527. Let u be a(21). Suppose -2*v + 95 = 3*v - m, 2*v = 3*m + 25. What is the greatest common factor of u and v?
4
Let r(y) = -9*y - 42. Let a be r(-16). Let b = a + -100. Calculate the greatest common divisor of 22 and b.
2
Let j(g) = -115*g**3 - 13*g + 13. Let k be j(1). Let d = -97 - k. Calculate the highest common factor of 423 and d.
9
Suppose -6*h = 5*g - h - 415, -5*g + 403 = -h. Let y be -78*((-59)/236)/(1/(27*2)). Calculate the highest common divisor of g and y.
81
Let y(u) = 698*u - 6876. Let l be y(10). Calculate the greatest common divisor of l and 1716.
52
Suppose -598 - 340 = -5*d + x, 3*x - 210 = -d. Calculate the greatest common divisor of 4671 and d.
27
Suppose 8 = 2*s + 2*b, -2*s - 12 = -s - 3*b. Suppose 0*l + 3*l - 3 = s. Suppose 2*g + l - 97 = 0. Calculate the greatest common factor of 6 and g.
6
Let z(d) = d**2 + 5*d + 49. Let t be ((-51)/(-9) - 5)/(2/(-33)). Let k be z(t). Calculate the highest common factor of k and 5.
5
Let l = -1770 + 1054. Let g = l - -831. Calculate the greatest common divisor of g and 25.
5
Let c = -14997 - -18596. Calculate the greatest common factor of c and 118.
59
Let m(f) = 28*f**2 - 455*f + 453. Let u be m(1). Suppose -3*x + 65 = 2*x. What is the highest common factor of x and u?
13
Let a = 690 + -485. Suppose -3662 = -44*o - 54. Calculate the greatest common factor of a and o.
41
Let y be 1/((18/3024)/(2/4)). Suppose 2*j + 3*j = 560. Calculate the highest common divisor of y and j.
28
Let r = 5329 - 4079. What is the highest common divisor of 150 and r?
50
Let i(o) = -5*o**2 - 120*o + 102. Let f be i(-23). What is the highest common divisor of 21 and f?
7
Let z(b) = 12*b**3 + 2*b**2 - 2*b - 4. Let f be z(2). Let r = 146 - f. What is the greatest common factor of 20 and r?
10
Let t be (-1)/(6/(-608)) + 1/(-3). Suppose 3*y - 2*y + t = -4*j, j = -2*y - 20. Let l be 0 - ((-2)/(-1) + 0)*j. Calculate the highest common factor of l and 13.
13
Let m(u) = 175*u**3 + u**2 - 1. Let l be m(1). Suppose -170 = -x - 2*o, o = -x - 2*o + l. Calculate the greatest common divisor of x and 10.
10
Let h(p) = 11*p - 4. Let b = -17 - -16. Let a be b + (2 - (0 + (1 - 1))). Let r be h(a). Calculate the highest common divisor of r and 56.
7
Let g = -5931 + 6156. Calculate the highest common factor of g and 125.
25
Let x be 34/68*(1 + 39). Suppose 0 = 15*k + x*k - 24640. Calculate the greatest common divisor of 64 and k.
64
Let z(g) = -g**3 + 38*g**2 - 287*g + 75. Let h be z(27). Calculate the greatest common divisor of h and 3335.
115
Suppose -1297*w - 10530 = -1327*w. Calculate the highest common divisor of w and 54.
27
Let g(h) = 576*h - 379. Let k be g(3). Let o be 846/45 - (-2)/10. What is the greatest common divisor of k and o?
19
Suppose -5*c = -103 - 32. Suppose z - 217 = 3*x + 89, -795 = -3*z - 32*x. Calculate the greatest common factor of z and c.
27
Suppose -5*v + d = -3704, -1189 = -5*v + 4*d + 2512. Calculate the highest common divisor of 234 and v.
39
Let m be 33016/36 - ((-890)/90 + 10). Calculate the highest common factor of m and 1310.
131
Suppose -88*i = -92*i + 2*w + 222, 6*w = -5*i + 269. Calculate the highest common factor of i and 2695.
55
Let k(v) = -9*v + 3. Let m be k(1). Let r be 1 + 4 + 4/(-8)*m. What is the highest common divisor of 64 and r?
8
Suppose -948 = 49*m - 53*m. Let n = m + -49. What is the highest common divisor of n and 4?
4
Suppose -m + 215 = -4*a + 2*a, 5*m + 4*a - 1075 = 0. Let r = 226 - m. Calculate the highest common divisor of r and 11.
11
Let y(m) = 13*m**3 - 30*m + 29. Let g be y(1). Calculate the highest common divisor of g and 4332.
12
Let s(b) = b**3 - 12*b**2 - 3*b + 24. Let g(h) = h**2 - h. Let k(o) = 5*g(o) + s(o). Let p be k(8). Calculate the highest common divisor of p and 24.
24
Let c(j) = -728*j - 17520. Let z be c(-41). Calculate the highest common factor of z and 16.
8
Let t = -34 - -37. Let g be -3 + ((-28)/(-21) - (-257)/t). Suppose b = 3*z + 2*z - 61, 4*z - 5*b - 53 = 0. What is the highest common divisor of z and g?
12
Let l = -7063 - -7414. What is the highest common divisor of 135 and l?
27
Suppose 0 = -4*h - t + 1, 2*h + 59*t = 58*t - 3. Let y be 3*(-1)/((-6)/(-4)). Let f be y - (-25 + 1 + 0). Calculate the greatest common factor of f and h.
2
Suppose -3*k - 2*f = -81, 2*k - 6*k + 86 = -f. What is the greatest common factor of 1357 and k?
23
Let r(w) = 3*w**2 - w + 10. Let z = -118 + 112. Let y be r(z). What is the greatest common divisor of y and 155?
31
Let f = 326 + -235. Suppose o = -2*v + 3*o - 108, 8 = -2*o. Let z = f + v. What is the highest common divisor of z and 330?
33
Let v = -60 + 635. What is the greatest common divisor of v and 161?
23
Let s be ((-90)/(-12))/(2/12). Suppose 0*i - 178 = -2*i + 4*y, 392 = 4*i + y. Let t = i - 92. What is the greatest common divisor of s and t?
5
Let p be (-1 - -2)*(-635)/(-5). Suppose p = 2*y + 8*d - 3*d, 283 = 5*y + d. Calculate the greatest common factor of 196 and y.
28
Suppose -9*i + 10*i + 9 = b, -3 = 3*b + 3*i. Suppose 4*o - 212 = 3*n, 0*o - 5*n = b*o - 244. Let u = 73 - o. What is the greatest common factor of u and 153?
17
Let a(b) = 9*b**2 + 401*b + 80. Let n be a(-46). Calculate the highest common divisor of 2147 and n.
113
Let k = -274 - -256. Let n be k/9 + (220/2)/1. Calculate the greatest common factor of n and 135.
27
Let r be (-4)/((2/(-32))/1). Let y = 3967 - 3965. What is the greatest common divisor of r and y?
2
Let z(q) = 1574*q - 3494. Let v be z(6). What is the highest common factor of v and 255?
85
Suppose 0 = -5*a + 418 + 827. Let i = -148352 + 148518. Calculate the greatest common factor of i and a.
83
Suppos